{"id":21,"date":"2018-02-16T09:21:42","date_gmt":"2018-02-16T09:21:42","guid":{"rendered":"http:\/\/trachtenverein-jachenau.de\/wordpress\/?page_id=21"},"modified":"2026-04-21T12:13:30","modified_gmt":"2026-04-21T10:13:30","slug":"aktive","status":"publish","type":"page","link":"http:\/\/trachtenverein-jachenau.de\/wordpress\/aktive\/","title":{"rendered":"Aktive"},"content":{"rendered":"<div class=\"wpb-content-wrapper\"><p>[vc_row full_width=&#8220;stretch_row_content_no_spaces&#8220; css=&#8220;.vc_custom_1522873488074{margin-top: -50px !important;background-image: url(http:\/\/trachtenverein-jachenau.de\/wordpress\/wp-content\/uploads\/2018\/03\/Sonnental-Jachenau.jpg?id=157) !important;background-position: center !important;background-repeat: no-repeat !important;background-size: cover !important;}&#8220; el_class=&#8220;headertrachtenverein&#8220;][vc_column][vc_empty_space height=&#8220;300px&#8220;][\/vc_column][\/vc_row][vc_row][vc_column][vc_column_text el_class=&#8220;ueberschriften&#8220; el_id=&#8220;ueberschriften&#8220;]<\/p>\n<h1>Aktive<\/h1>\n<p>[\/vc_column_text][\/vc_column][\/vc_row][vc_row][vc_column][vc_empty_space height=&#8220;15px&#8220;][\/vc_column][\/vc_row][vc_row][vc_column width=&#8220;1\/4&#8243;][vc_single_image image=&#8220;1576&#8243; img_size=&#8220;150&#215;250&#8243; style=&#8220;vc_box_rounded&#8220; onclick=&#8220;custom_link&#8220; css=&#8220;&#8220; link=&#8220;http:\/\/trachtenverein-jachenau.de\/wordpress\/wp-content\/uploads\/2018\/04\/MG_7704.jpg&#8220;][vc_column_text css=&#8220;.vc_custom_1776766382118{margin-top: -20px !important;}&#8220;]<strong>1. Vorplattler<\/strong><\/p>\n<p>Alex Schandl[\/vc_column_text][\/vc_column][vc_column width=&#8220;1\/4&#8243;][vc_single_image image=&#8220;1572&#8243; img_size=&#8220;150&#215;250&#8243; style=&#8220;vc_box_rounded&#8220; onclick=&#8220;custom_link&#8220; css=&#8220;&#8220; link=&#8220;http:\/\/trachtenverein-jachenau.de\/wordpress\/wp-content\/uploads\/2018\/04\/MG_7679.jpg&#8220;][vc_column_text css=&#8220;.vc_custom_1776766408151{margin-top: -20px !important;}&#8220;]<strong>1. Vordreherin<\/strong><\/p>\n<p>Vroni Kohlhauf[\/vc_column_text][\/vc_column][vc_column width=&#8220;1\/4&#8243;][vc_single_image image=&#8220;1564&#8243; img_size=&#8220;150&#215;250&#8243; css=&#8220;&#8220;][vc_column_text css=&#8220;&#8220;]<strong>2. Vorplattler<\/strong><\/p>\n<p>Christian Danner[\/vc_column_text][\/vc_column][vc_column width=&#8220;1\/4&#8243;][vc_single_image image=&#8220;1579&#8243; img_size=&#8220;150&#215;250&#8243; css=&#8220;&#8220;][vc_column_text css=&#8220;&#8220;]<strong>2. Vordreherin<\/strong><\/p>\n<p>Theresa Oswald[\/vc_column_text][\/vc_column][\/vc_row][vc_row][vc_column][vc_column_text]<\/p>\n<h4><strong>Aktive Plattlergruppe<\/strong><\/h4>\n<p>Die Aktive Plattlergruppe ist wichtiger Bestandteil des Vereins. Sie bewahren das Brauchtum, die Tracht und den Zusammenhalt und wirken beim Vereinsleben tatkr\u00e4ftig mit.<\/p>\n<p>Momentan besteht die Plattlergruppe aus insgesamt 16 Madln und Buam. Geleitet wird die Gruppe vom ersten Vorplattler Sepp Ortlieb sowie Vordreherin Anna Oswald.<\/p>\n<p>Die Trachtlersaison der Aktiven beginnt meist am ersten Dienstag nach Ostern. Dann wird sich wieder jede Woche getroffen und gemeinsam geplattlt und getanzt.<\/p>\n<p>Wichtigstes Ereignis im Jahr ist das Gaupreisplattln. Hier wird gegen die anderen Vereine angetreten und das K\u00f6nnen unter Beweis gestellt. Ziel ist es zu den Besten im Schuhplattln zu geh\u00f6ren.<\/p>\n<p>Neben den Schuhplattlern geh\u00f6ren auch die Figurent\u00e4nze, wie Sterntanz und Zwei- und Dreisteirer dazu. Diese werden zu den vier Heimatabenden, sowie zu besonderen Anl\u00e4ssen wie Vereinsjubil\u00e4um und Hochzeiten aufgef\u00fchrt.<\/p>\n<p>Damit der Spa\u00df und der Zusammenhalt bestehen bleiben, darf die Geselligkeit nat\u00fcrlich nicht zu kurz kommen. Deshalb geh\u00f6rt auch das gem\u00fctliche Beisammensein nach den Plattlerproben und Heimatabende, sowie die gemeinsamen Ausfl\u00fcge mit dazu.[\/vc_column_text][\/vc_column][\/vc_row][vc_row][vc_column][vc_column_text]<\/p>\n<h4><strong>Aktive 2023<\/strong><\/h4>\n<p>[\/vc_column_text][vc_row_inner][vc_column_inner width=&#8220;1\/3&#8243;][vc_single_image image=&#8220;1438&#8243; img_size=&#8220;large&#8220;][\/vc_column_inner][\/vc_row_inner][vc_column_text]<\/p>\n<h4><strong>Aktive 2022<\/strong><\/h4>\n<p>[\/vc_column_text][vc_row_inner][vc_column_inner width=&#8220;1\/3&#8243;][vc_single_image image=&#8220;1290&#8243; img_size=&#8220;full&#8220; onclick=&#8220;custom_link&#8220; link=&#8220;http:\/\/trachtenverein-jachenau.de\/wordpress\/wp-content\/uploads\/2018\/04\/MG_0168.jpg&#8220;][\/vc_column_inner][\/vc_row_inner][\/vc_column][vc_column][\/vc_column][\/vc_row][vc_row][vc_column][vc_column_text]<\/p>\n<h4><strong>Aktive 2015<\/strong><\/h4>\n<p>[\/vc_column_text][vc_row_inner][vc_column_inner width=&#8220;1\/3&#8243;][vc_single_image image=&#8220;396&#8243; img_size=&#8220;full&#8220; onclick=&#8220;custom_link&#8220; link=&#8220;http:\/\/trachtenverein-jachenau.de\/wordpress\/wp-content\/uploads\/2018\/04\/MG_0168.jpg&#8220;][\/vc_column_inner][vc_column_inner width=&#8220;1\/3&#8243;][vc_single_image image=&#8220;397&#8243; img_size=&#8220;full&#8220; onclick=&#8220;custom_link&#8220; link=&#8220;http:\/\/trachtenverein-jachenau.de\/wordpress\/wp-content\/uploads\/2018\/04\/MG_0197.jpg&#8220;][\/vc_column_inner][vc_column_inner width=&#8220;1\/3&#8243;][vc_single_image image=&#8220;398&#8243; img_size=&#8220;full&#8220; onclick=&#8220;custom_link&#8220; link=&#8220;http:\/\/trachtenverein-jachenau.de\/wordpress\/wp-content\/uploads\/2018\/04\/MG_0228.jpg&#8220;][\/vc_column_inner][\/vc_row_inner][\/vc_column][\/vc_row]<\/p>\n<\/div>","protected":false},"excerpt":{"rendered":"<p>[vc_row full_width=&#8220;stretch_row_content_no_spaces&#8220; css=&#8220;.vc_custom_1522873488074{margin-top: -50px !important;background-image: url(http:\/\/trachtenverein-jachenau.de\/wordpress\/wp-content\/uploads\/2018\/03\/Sonnental-Jachenau.jpg?id=157) !important;background-position: center !important;background-repeat: no-repeat !important;background-size: cover !important;}&#8220; el_class=&#8220;headertrachtenverein&#8220;][vc_column][vc_empty_space height=&#8220;300px&#8220;][\/vc_column][\/vc_row][vc_row][vc_column][vc_column_text el_class=&#8220;ueberschriften&#8220; el_id=&#8220;ueberschriften&#8220;] Aktive [\/vc_column_text][\/vc_column][\/vc_row][vc_row][vc_column][vc_empty_space height=&#8220;15px&#8220;][\/vc_column][\/vc_row][vc_row][vc_column width=&#8220;1\/4&#8243;][vc_single_image image=&#8220;1576&#8243; img_size=&#8220;150&#215;250&#8243; style=&#8220;vc_box_rounded&#8220; onclick=&#8220;custom_link&#8220; css=&#8220;&#8220; link=&#8220;http:\/\/trachtenverein-jachenau.de\/wordpress\/wp-content\/uploads\/2018\/04\/MG_7704.jpg&#8220;][vc_column_text css=&#8220;.vc_custom_1776766382118{margin-top: -20px !important;}&#8220;]1. Vorplattler Alex Schandl[\/vc_column_text][\/vc_column][vc_column width=&#8220;1\/4&#8243;][vc_single_image image=&#8220;1572&#8243; img_size=&#8220;150&#215;250&#8243; style=&#8220;vc_box_rounded&#8220; onclick=&#8220;custom_link&#8220; css=&#8220;&#8220; link=&#8220;http:\/\/trachtenverein-jachenau.de\/wordpress\/wp-content\/uploads\/2018\/04\/MG_7679.jpg&#8220;][vc_column_text css=&#8220;.vc_custom_1776766408151{margin-top: -20px !important;}&#8220;]1. Vordreherin Vroni Kohlhauf[\/vc_column_text][\/vc_column][vc_column width=&#8220;1\/4&#8243;][vc_single_image image=&#8220;1564&#8243; img_size=&#8220;150&#215;250&#8243; css=&#8220;&#8220;][vc_column_text css=&#8220;&#8220;]2. Vorplattler Christian Danner[\/vc_column_text][\/vc_column][vc_column width=&#8220;1\/4&#8243;][vc_single_image&#8230;<\/p>\n","protected":false},"author":1,"featured_media":0,"parent":0,"menu_order":0,"comment_status":"closed","ping_status":"closed","template":"visual-composer.php","meta":{"footnotes":""},"class_list":["post-21","page","type-page","status-publish","hentry"],"jetpack_sharing_enabled":true,"jetpack_shortlink":"https:\/\/wp.me\/P9NVvq-l","_links":{"self":[{"href":"http:\/\/trachtenverein-jachenau.de\/wordpress\/wp-json\/wp\/v2\/pages\/21","targetHints":{"allow":["GET"]}}],"collection":[{"href":"http:\/\/trachtenverein-jachenau.de\/wordpress\/wp-json\/wp\/v2\/pages"}],"about":[{"href":"http:\/\/trachtenverein-jachenau.de\/wordpress\/wp-json\/wp\/v2\/types\/page"}],"author":[{"embeddable":true,"href":"http:\/\/trachtenverein-jachenau.de\/wordpress\/wp-json\/wp\/v2\/users\/1"}],"replies":[{"embeddable":true,"href":"http:\/\/trachtenverein-jachenau.de\/wordpress\/wp-json\/wp\/v2\/comments?post=21"}],"version-history":[{"count":69,"href":"http:\/\/trachtenverein-jachenau.de\/wordpress\/wp-json\/wp\/v2\/pages\/21\/revisions"}],"predecessor-version":[{"id":1583,"href":"http:\/\/trachtenverein-jachenau.de\/wordpress\/wp-json\/wp\/v2\/pages\/21\/revisions\/1583"}],"wp:attachment":[{"href":"http:\/\/trachtenverein-jachenau.de\/wordpress\/wp-json\/wp\/v2\/media?parent=21"}],"curies":[{"name":"wp","href":"https:\/\/api.w.org\/{rel}","templated":true}]}}

<div class="wpb-content-wrapper"><p>[vc_row full_width=&#8220;stretch_row_content_no_spaces&#8220; css=&#8220;.vc_custom_1522873488074{margin-top: -50px !important;background-image: url(http://trachtenverein-jachenau.de/wordpress/wp-content/uploads/2018/03/Sonnental-Jachenau.jpg?id=157) !important;background-position: center !important;background-repeat: no-repeat !important;background-size: cover !important;}&#8220; el_class=&#8220;headertrachtenverein&#8220;][vc_column][vc_empty_space height=&#8220;300px&#8220;][/vc_column][/vc_row][vc_row][vc_column][vc_column_text el_class=&#8220;ueberschriften&#8220; el_id=&#8220;ueberschriften&#8220;]</p>
<h1>Aktive</h1>
<p>[/vc_column_text][/vc_column][/vc_row][vc_row][vc_column][vc_empty_space height=&#8220;15px&#8220;][/vc_column][/vc_row][vc_row][vc_column width=&#8220;1/4&#8243;][vc_single_image image=&#8220;1576&#8243; img_size=&#8220;150&#215;250&#8243; style=&#8220;vc_box_rounded&#8220; onclick=&#8220;custom_link&#8220; css=&#8220;&#8220; link=&#8220;http://trachtenverein-jachenau.de/wordpress/wp-content/uploads/2018/04/MG_7704.jpg&#8220;][vc_column_text css=&#8220;.vc_custom_1776766382118{margin-top: -20px !important;}&#8220;]<strong>1. Vorplattler</strong></p>
<p>Alex Schandl[/vc_column_text][/vc_column][vc_column width=&#8220;1/4&#8243;][vc_single_image image=&#8220;1572&#8243; img_size=&#8220;150&#215;250&#8243; style=&#8220;vc_box_rounded&#8220; onclick=&#8220;custom_link&#8220; css=&#8220;&#8220; link=&#8220;http://trachtenverein-jachenau.de/wordpress/wp-content/uploads/2018/04/MG_7679.jpg&#8220;][vc_column_text css=&#8220;.vc_custom_1776766408151{margin-top: -20px !important;}&#8220;]<strong>1. Vordreherin</strong></p>
<p>Vroni Kohlhauf[/vc_column_text][/vc_column][vc_column width=&#8220;1/4&#8243;][vc_single_image image=&#8220;1564&#8243; img_size=&#8220;150&#215;250&#8243; css=&#8220;&#8220;][vc_column_text css=&#8220;&#8220;]<strong>2. Vorplattler</strong></p>
<p>Christian Danner[/vc_column_text][/vc_column][vc_column width=&#8220;1/4&#8243;][vc_single_image image=&#8220;1579&#8243; img_size=&#8220;150&#215;250&#8243; css=&#8220;&#8220;][vc_column_text css=&#8220;&#8220;]<strong>2. Vordreherin</strong></p>
<p>Theresa Oswald[/vc_column_text][/vc_column][/vc_row][vc_row][vc_column][vc_column_text]</p>
<h4><strong>Aktive Plattlergruppe</strong></h4>
<p>Die Aktive Plattlergruppe ist wichtiger Bestandteil des Vereins. Sie bewahren das Brauchtum, die Tracht und den Zusammenhalt und wirken beim Vereinsleben tatkräftig mit.</p>
<p>Momentan besteht die Plattlergruppe aus insgesamt 16 Madln und Buam. Geleitet wird die Gruppe vom ersten Vorplattler Sepp Ortlieb sowie Vordreherin Anna Oswald.</p>
<p>Die Trachtlersaison der Aktiven beginnt meist am ersten Dienstag nach Ostern. Dann wird sich wieder jede Woche getroffen und gemeinsam geplattlt und getanzt.</p>
<p>Wichtigstes Ereignis im Jahr ist das Gaupreisplattln. Hier wird gegen die anderen Vereine angetreten und das Können unter Beweis gestellt. Ziel ist es zu den Besten im Schuhplattln zu gehören.</p>
<p>Neben den Schuhplattlern gehören auch die Figurentänze, wie Sterntanz und Zwei- und Dreisteirer dazu. Diese werden zu den vier Heimatabenden, sowie zu besonderen Anlässen wie Vereinsjubiläum und Hochzeiten aufgeführt.</p>
<p>Damit der Spaß und der Zusammenhalt bestehen bleiben, darf die Geselligkeit natürlich nicht zu kurz kommen. Deshalb gehört auch das gemütliche Beisammensein nach den Plattlerproben und Heimatabende, sowie die gemeinsamen Ausflüge mit dazu.[/vc_column_text][/vc_column][/vc_row][vc_row][vc_column][vc_column_text]</p>
<h4><strong>Aktive 2023</strong></h4>
<p>[/vc_column_text][vc_row_inner][vc_column_inner width=&#8220;1/3&#8243;][vc_single_image image=&#8220;1438&#8243; img_size=&#8220;large&#8220;][/vc_column_inner][/vc_row_inner][vc_column_text]</p>
<h4><strong>Aktive 2022</strong></h4>
<p>[/vc_column_text][vc_row_inner][vc_column_inner width=&#8220;1/3&#8243;][vc_single_image image=&#8220;1290&#8243; img_size=&#8220;full&#8220; onclick=&#8220;custom_link&#8220; link=&#8220;http://trachtenverein-jachenau.de/wordpress/wp-content/uploads/2018/04/MG_0168.jpg&#8220;][/vc_column_inner][/vc_row_inner][/vc_column][vc_column][/vc_column][/vc_row][vc_row][vc_column][vc_column_text]</p>
<h4><strong>Aktive 2015</strong></h4>
<p>[/vc_column_text][vc_row_inner][vc_column_inner width=&#8220;1/3&#8243;][vc_single_image image=&#8220;396&#8243; img_size=&#8220;full&#8220; onclick=&#8220;custom_link&#8220; link=&#8220;http://trachtenverein-jachenau.de/wordpress/wp-content/uploads/2018/04/MG_0168.jpg&#8220;][/vc_column_inner][vc_column_inner width=&#8220;1/3&#8243;][vc_single_image image=&#8220;397&#8243; img_size=&#8220;full&#8220; onclick=&#8220;custom_link&#8220; link=&#8220;http://trachtenverein-jachenau.de/wordpress/wp-content/uploads/2018/04/MG_0197.jpg&#8220;][/vc_column_inner][vc_column_inner width=&#8220;1/3&#8243;][vc_single_image image=&#8220;398&#8243; img_size=&#8220;full&#8220; onclick=&#8220;custom_link&#8220; link=&#8220;http://trachtenverein-jachenau.de/wordpress/wp-content/uploads/2018/04/MG_0228.jpg&#8220;][/vc_column_inner][/vc_row_inner][/vc_column][/vc_row]</p>
</div>
