{"id":17,"date":"2018-02-16T09:21:22","date_gmt":"2018-02-16T09:21:22","guid":{"rendered":"http:\/\/trachtenverein-jachenau.de\/wordpress\/?page_id=17"},"modified":"2024-05-28T15:42:04","modified_gmt":"2024-05-28T13:42:04","slug":"aktuelles","status":"publish","type":"page","link":"http:\/\/trachtenverein-jachenau.de\/wordpress\/aktuelles\/","title":{"rendered":"Aktuelles"},"content":{"rendered":"<div class=\"wpb-content-wrapper\"><p>[vc_row full_width=&#8220;stretch_row_content_no_spaces&#8220; css=&#8220;.vc_custom_1522873553884{margin-top: -50px !important;background-image: url(http:\/\/trachtenverein-jachenau.de\/wordpress\/wp-content\/uploads\/2018\/03\/Sonnental-Jachenau.jpg?id=157) !important;background-position: center !important;background-repeat: no-repeat !important;background-size: cover !important;}&#8220; el_class=&#8220;headertrachtenverein&#8220;][vc_column][vc_empty_space height=&#8220;300px&#8220;][\/vc_column][\/vc_row][vc_row][vc_column][vc_column_text el_id=&#8220;ueberschriften&#8220; el_class=&#8220;ueberschriften&#8220;]<\/p>\n<h1>Aktuelles<\/h1>\n<p>[\/vc_column_text][\/vc_column][\/vc_row][vc_row][vc_column][vc_empty_space height=&#8220;10px&#8220;][vc_column_text css=&#8220;&#8220;]<\/p>\n<h4><strong>76. Jahrtag, 20.5.2024<\/strong><\/h4>\n<p>[\/vc_column_text][vc_column_text css=&#8220;&#8220;]Am Pfingstmontag hielten wir unseren 76. Jahrtag ab. Bei sch\u00f6nem Wetter marschierten wir mit der Musikkapelle und Tambour vom Gasthof Jachenau rauf zur Kirche, in der Pfarrer Gracious die hl. Messe zelebrierte. Im Anschluss marschierten wir zum Sch\u00fctzenhaus, in dem die Versammlung mit Ehrungen und Neuwahlen abgehalten wurde.[\/vc_column_text][vc_single_image image=&#8220;1522&#8243; img_size=&#8220;large&#8220; css=&#8220;&#8220;][vc_single_image image=&#8220;1523&#8243; img_size=&#8220;large&#8220; css=&#8220;&#8220;][vc_single_image image=&#8220;1526&#8243; img_size=&#8220;large&#8220; css=&#8220;&#8220;][vc_column_text]<\/p>\n<h4><strong>Heimatabende, 04.08.2023, 18.08.2023, 01.09.2023,<\/strong><\/h4>\n<p>[\/vc_column_text][vc_single_image image=&#8220;1474&#8243; img_size=&#8220;large&#8220;][vc_column_text]<\/p>\n<h4><strong>75. Gr\u00fcndungsjubil\u00e4um, Festsonntag, 25.6.2023<\/strong><\/h4>\n<p>[\/vc_column_text][vc_single_image image=&#8220;1478&#8243; img_size=&#8220;large&#8220;][vc_single_image image=&#8220;1480&#8243; img_size=&#8220;large&#8220;][vc_single_image image=&#8220;1479&#8243; img_size=&#8220;large&#8220;][vc_column_text]<\/p>\n<h4><strong>75. Gr\u00fcndungsjubil\u00e4um, &#8222;Auf a Wort&#8220;-Best of Austropop, 24.6.2023<\/strong><\/h4>\n<p>[\/vc_column_text][vc_column_text]<\/p>\n<h4><strong>75. Gr\u00fcndungsjubil\u00e4um, Festabend, 23.6.2023<\/strong><\/h4>\n<p>[\/vc_column_text][vc_single_image image=&#8220;1476&#8243; img_size=&#8220;large&#8220;][vc_column_text]<\/p>\n<h4><strong>75. Jahrtag, 29.05.2023<\/strong><\/h4>\n<p>[\/vc_column_text][vc_column_text]Am Pfingstmontag hielten wir unseren regul\u00e4ren Jahrtag ab. Bei sch\u00f6nem Wetter marschierten wir mit der Musikkapelle und Tambour vom Gasthof Jachenau rauf zur Kirche, in der Pfarrer Gracious die hl. Messe zelebrierte. Neben der Kirche wurde zum 75. Gr\u00fcndungsjubil\u00e4um ein neues Vereinsbild gemacht. Im Anschluss marschierten wir zum Sch\u00fctzenhaus, in dem die Versammlung mit Ehrungen abgehalten wurde. Unsere Kinder\/Jugend durfte wieder auf der Versammlung ein paar Plattler auff\u00fchren.[\/vc_column_text][vc_single_image image=&#8220;1441&#8243; img_size=&#8220;large&#8220;][vc_single_image image=&#8220;1446&#8243; img_size=&#8220;large&#8220;][vc_column_text]<\/p>\n<h4><strong>Tanzkurs 2022<\/strong><\/h4>\n<p>[\/vc_column_text][vc_single_image image=&#8220;1407&#8243; img_size=&#8220;large&#8220;][\/vc_column][\/vc_row][vc_row][vc_column][vc_empty_space height=&#8220;10px&#8220;][vc_column_text]<\/p>\n<h4><strong>Kirtafest mit Kirtahutschn, 16.10.2022<\/strong><\/h4>\n<p>[\/vc_column_text][vc_column_text]Zum zweiten Mal wurde in der Halle von Fa. Jakob Kohlhauf jun. das Kirtafest gefeiert. Zu Beginn spielte die Isarwinkler Jugendkapelle und im Anschluss die Musikkapelle Jachenau. Die j\u00fcngsten Trachtler durften das erste Mal vor Publikum ihren Plattler pr\u00e4sentieren. F\u00fcr das leibliche Wohl wurde mit Grillfleisch, Kaffee und Kuchen, sowie mit Brotzeit und Getr\u00e4nke gesorgt. Daf\u00fcr bedanken wir uns an alle Kuchen- und Schmalzgeb\u00e4ckspender. Ein Dank auch an alle, die mitgeholfen haben, dass dies ein gelungenes Fest geworden ist. Ein ganz besonderer Dank gilt Lisa und Jakob Kohlhauf u.a. f\u00fcr die erneute Bereitstellung der Halle.[\/vc_column_text][vc_single_image image=&#8220;1370&#8243; img_size=&#8220;large&#8220;][\/vc_column][\/vc_row][vc_row][vc_column][vc_empty_space height=&#8220;10px&#8220;][vc_column_text]<\/p>\n<h4><strong>Heimatabende im Sch\u00fctzenhaus, 2022<\/strong><\/h4>\n<p>[\/vc_column_text][vc_column_text][\/vc_column_text][\/vc_column][\/vc_row][vc_row][vc_column][vc_empty_space height=&#8220;10px&#8220;][vc_column_text]<\/p>\n<h4><strong>Oberlandler Gaufest Irschenberg, 31.07.2022<\/strong><\/h4>\n<p>[\/vc_column_text][vc_column_text][\/vc_column_text][vc_single_image image=&#8220;1398&#8243; img_size=&#8220;large&#8220;][\/vc_column][\/vc_row][vc_row][vc_column][vc_empty_space height=&#8220;10px&#8220;][vc_column_text]<\/p>\n<h4><strong>200 j\u00e4hriges Bestehen des Veteranen- und Kriegervereins Jachenau, 24.07.2022<\/strong><\/h4>\n<p>[\/vc_column_text][vc_column_text]Der Veteranen- und Kriegerverein feierte sein 200 j\u00e4hriges Bestehen. Bei wundersch\u00f6nem Wetter am Festsonntag und auch die Tage zuvor durften wir mit dem Verein ihr Jubil\u00e4um feiern.[\/vc_column_text][vc_single_image image=&#8220;1357&#8243; img_size=&#8220;large&#8220;][\/vc_column][\/vc_row][vc_row][vc_column][vc_empty_space height=&#8220;10px&#8220;][vc_column_text]<\/p>\n<h4><strong>101 Jahre Gaigastoana Sachsenkam, 26.06.2022<\/strong><\/h4>\n<p>[\/vc_column_text][vc_column_text]Bei sch\u00f6nstem Festtagswetter r\u00fcckten wir zum 101 j\u00e4hrigen Bestehen des Trachtenvereins Gaigastoana Sachsenkam aus.[\/vc_column_text][vc_single_image image=&#8220;1356&#8243; img_size=&#8220;large&#8220;][\/vc_column][\/vc_row][vc_row][vc_column][vc_empty_space height=&#8220;10px&#8220;][vc_column_text]<\/p>\n<h4><strong>74. Jahrtag, 06.06.2022<\/strong><\/h4>\n<p>[\/vc_column_text][vc_column_text]Am Pfingstmontag hielten wir unseren regul\u00e4ren Jahrtag ab. Bei sch\u00f6nem Wetter marschierten wir mit der Musikkapelle und Tambour vom Gasthof Jachenau rauf zur Kirche, in der Pfarrer Gracious die hl. Messe zelebrierte. Im Anschluss marschierten wir zum Sch\u00fctzenhaus, in dem die Versammlung mit Ehrungen abgehalten wurde. Unsere Kinder\/Jugend durfte wieder und voller Eifer auf der Versammlung ein paar Plattler auff\u00fchren.[\/vc_column_text][vc_single_image image=&#8220;1354&#8243; img_size=&#8220;large&#8220;][\/vc_column][\/vc_row][vc_row][vc_column][vc_empty_space height=&#8220;10px&#8220;][vc_column_text]<\/p>\n<h4><strong>Maibaumaufstellen, 01.05.2022<\/strong><\/h4>\n<p>[\/vc_column_text][vc_column_text]Am 1. Mai stellte der Trachtenverein den Maibaum beim Gasthof Jachenau auf. Drei Tage zuvor durften die Aktiven Madln das 25m Seil und den Kranz mit Daxn binden. Gestiftet wurde der Baum vom Peter Joachim (Karlbauer). Am Maifeiertag um 6 Uhr wurde die Fichte von den beiden Vorplattlern gef\u00e4llt. Den Transport mit seinen R\u00f6ssern \u00fcbernahm Klaus Wolf. Nachdem die Fichte am Vormittag von den Madln \u201eputzt\u201c worden ist, kamen viele tatk\u00e4ftige Helfer um 13 Uhr zusammen, um ihn aufzustellen. Nach knapp zwei Stunden stand der Baum und die Musikkapelle spielte ein paar St\u00fccke. Nach getaner Arbeit lie\u00dfen die Trachtler und Helfer den Feiertag beim Wirt gem\u00fctlich ausklingen.[\/vc_column_text][vc_single_image image=&#8220;1242&#8243; img_size=&#8220;large&#8220; onclick=&#8220;custom_link&#8220; link=&#8220;http:\/\/trachtenverein-jachenau.de\/wordpress\/wp-content\/uploads\/2019\/12\/20190811_102408.jpg&#8220;][\/vc_column][\/vc_row][vc_row][vc_column][vc_column_text]<\/p>\n<h4><strong>73. Jahrtag, 10.10.2021<\/strong><\/h4>\n<p>[\/vc_column_text][vc_column_text]Nach vielen hin und her wegen den Coronabestimmungen konnten wir endlich unseren Vereinsjahrtag ausf\u00fchren. Mit der Musikkapelle Jachenau und den Tambour zogen wir an einem frischen, nebligen aber trockenen Herbsttag vom Gasthof Jachenau rauf zur Kirche. Auf dem Feld vor dem Pfarrhaus zelebrierte Pfarrer Gracious die heilige Messe. Anschlie\u00dfend marschierten wir zum Sch\u00fctzenhaus und hielten die Versammlung mit Neuwahlen und Ehrungen ab. Zum ersten Mal f\u00fchrten unsere Kinder\/Jugend auf dieser Versammlung ein paar Plattler auf.[\/vc_column_text][\/vc_column][\/vc_row][vc_row][vc_column][vc_column_text]<\/p>\n<h4><strong>Trachtenverein Hechenberg 100j\u00e4hriges Jubil\u00e4um 11.08.2019<br \/>\n<\/strong><\/h4>\n<p>[\/vc_column_text][vc_column_text]Bei herrlichem Wetter r\u00fcckten wir mit rund 130 Teilnehmern zum Jubil\u00e4um &#8218;100 Jahre Hechenberg&#8216; aus.<br \/>\nMit dabei waren unsere komplette Jugend, Tambour und Musik. Die Aktiven und Frauen im Kirchengwand r\u00fcckten besonders stark aus.<br \/>\nDer Verein pr\u00e4sentierte sich stark vertreten wie nie zuvor.[\/vc_column_text][\/vc_column][\/vc_row][vc_row][vc_column width=&#8220;1\/3&#8243;][vc_single_image image=&#8220;1052&#8243; img_size=&#8220;large&#8220; onclick=&#8220;custom_link&#8220; link=&#8220;http:\/\/trachtenverein-jachenau.de\/wordpress\/wp-content\/uploads\/2019\/12\/20190811_102408.jpg&#8220;][\/vc_column][vc_column width=&#8220;1\/3&#8243;][\/vc_column][vc_column width=&#8220;1\/3&#8243;][\/vc_column][\/vc_row][vc_row][vc_column][vc_column_text]<\/p>\n<h4><strong>Gaufest Waakirchen 28.07.2019<br \/>\n<\/strong><\/h4>\n<p>[\/vc_column_text][vc_column_text]Ein sch\u00f6nes Gaufest wurde dieses Jahr in Waakirchen ausgerichtet.<br \/>\nDie Feldmesse und der Festzug konnten noch im Trockenen gehalten werden &#8211; danach go\u00df es aus K\u00fcbeln.[\/vc_column_text][\/vc_column][\/vc_row][vc_row][vc_column width=&#8220;1\/3&#8243;][vc_single_image image=&#8220;1063&#8243; img_size=&#8220;large&#8220; onclick=&#8220;custom_link&#8220; link=&#8220;http:\/\/trachtenverein-jachenau.de\/wordpress\/wp-content\/uploads\/2019\/12\/IMG_7312.jpg&#8220;][\/vc_column][vc_column width=&#8220;1\/3&#8243;][\/vc_column][vc_column width=&#8220;1\/3&#8243;][\/vc_column][\/vc_row][vc_row][vc_column][vc_column_text]<\/p>\n<h4><strong>Gaugruppen Preisplatteln Sch\u00fctzenhaus Jachenau 29.06.2019<br \/>\n<\/strong><\/h4>\n<p>[\/vc_column_text][vc_column_text]Das Preisplatteln der Gaugruppe fand dieses Jahr in der Jachenau statt.<br \/>\nEs waren insgesamt 21 Gruppen vertreten, davon 9 Gruppen aus unserem Verein.<br \/>\nWir stellten bei der Jugend 1 und bei den Aktiven die Siegergruppen.<br \/>\nJugend 2 gewann in Reichersbeuern.[\/vc_column_text][\/vc_column][\/vc_row][vc_row][vc_column width=&#8220;1\/3&#8243;][vc_single_image image=&#8220;1067&#8243; img_size=&#8220;large&#8220; onclick=&#8220;custom_link&#8220; link=&#8220;http:\/\/trachtenverein-jachenau.de\/wordpress\/wp-content\/uploads\/2019\/12\/IMG_0294.jpg&#8220;][\/vc_column][vc_column width=&#8220;1\/3&#8243;][\/vc_column][vc_column width=&#8220;1\/3&#8243;][\/vc_column][\/vc_row][vc_row][vc_column][vc_separator color=&#8220;black&#8220; border_width=&#8220;3&#8243;][\/vc_column][\/vc_row][vc_row][vc_column][vc_column_text]<\/p>\n<h4><strong>Kirtahutschn 2018<\/strong><\/h4>\n<p>[\/vc_column_text][vc_column_text]Zum ersten Mal wurde in der neuen Halle der Zimmerei Kohlhauf ein Kirtafest f\u00fcr alle Einheimischen und G\u00e4ste ausgerichtet.<\/p>\n<p>Der Baum f\u00fcr die Kirtahutschn wurde von unserem Ehrenvorstand Benedikt Fischer organisiert.<br \/>\nUnser weiterer Ehrenvorstand Jakl Kohlhauf hat sie dann geplant und gebaut.<\/p>\n<p>Nach Probehutschen der gesamten Vorstandschaft, stand diese den ganzen Kirta im Mittelpunkt.<br \/>\nZur musikalischen Unterhaltung spielte die Loachoimmusi auf.<\/p>\n<p>Auch der Trachtlernachwuchs hatte hier seinen ersten \u00f6ffentlichen Auftritt.<\/p>\n<p>Bei bester Verpflegung vom Grill, den Kuchen- und Schmalzgeb\u00e4ckspenden mit Kaffee und anschlie\u00dfender Brotzeit mit Speck und K\u00e4se, klang der Abend gem\u00fctlich aus. Sogar die Grundschule unternahm vorm Abbauen am Kirtamontag noch einen Ausflug nach H\u00f6fen.<\/p>\n<p>Ein besonderer Dank gilt Lisa Kohlhauf f\u00fcr die Idee und ihrem Mann Jakob Kohlhauf jun. f\u00fcr die Bereitstellung der Halle und ALLEN, die zum guten Gelingen des Festes beigetragen haben.[\/vc_column_text][\/vc_column][\/vc_row][vc_row][vc_column width=&#8220;1\/3&#8243;][vc_single_image image=&#8220;1028&#8243; img_size=&#8220;large&#8220; onclick=&#8220;custom_link&#8220; link=&#8220;http:\/\/trachtenverein-jachenau.de\/wordpress\/wp-content\/uploads\/2019\/01\/IMG-20181022-WA0002.jpg&#8220;][\/vc_column][vc_column width=&#8220;1\/3&#8243;][vc_single_image image=&#8220;1031&#8243; img_size=&#8220;large&#8220; onclick=&#8220;custom_link&#8220; link=&#8220;http:\/\/trachtenverein-jachenau.de\/wordpress\/wp-content\/uploads\/2019\/01\/Winter-2019-2726.jpg&#8220;][\/vc_column][vc_column width=&#8220;1\/3&#8243;][vc_single_image image=&#8220;1032&#8243; img_size=&#8220;large&#8220; onclick=&#8220;custom_link&#8220; link=&#8220;http:\/\/trachtenverein-jachenau.de\/wordpress\/wp-content\/uploads\/2019\/01\/Winter-2019-2727.jpg&#8220;][\/vc_column][\/vc_row][vc_row][vc_column][vc_column_text]<\/p>\n<h4><strong>Gaufest 2018 in Bad T\u00f6lz<\/strong><\/h4>\n<p>[\/vc_column_text][vc_column_text]Am 29.07.2018 r\u00fcckten wir stark besetzt mit Musik, Tambour und dem kompletten Verein mit Jugendgruppe aus.<\/p>\n<p>Bei hei\u00dfem Sommerwetter war es f\u00fcr alle ein herrliches Gaufest.<\/p>\n<p>[\/vc_column_text][\/vc_column][\/vc_row][vc_row][vc_column width=&#8220;1\/3&#8243;][vc_single_image image=&#8220;1029&#8243; img_size=&#8220;large&#8220; onclick=&#8220;custom_link&#8220; link=&#8220;http:\/\/trachtenverein-jachenau.de\/wordpress\/wp-content\/uploads\/2019\/01\/Orterer.945.jpg&#8220;][\/vc_column][vc_column width=&#8220;1\/3&#8243;][vc_single_image image=&#8220;1030&#8243; img_size=&#8220;large&#8220; onclick=&#8220;custom_link&#8220; link=&#8220;http:\/\/trachtenverein-jachenau.de\/wordpress\/wp-content\/uploads\/2019\/01\/Winter-2019-1788.jpg&#8220;][\/vc_column][vc_column width=&#8220;1\/3&#8243;][\/vc_column][\/vc_row][vc_row][vc_column][vc_column_text]<\/p>\n<h4><strong>01.07.2018: Preisplattln<\/strong><\/h4>\n<p>[\/vc_column_text][vc_column_text]Heuer fand unser Gaugruppen \u2013 Preisplattln in Ellbach statt. Hier fuhren wir gleich mit 4 Jugendgruppen und 2 aktiven Gruppen hin.<\/p>\n<p>Das Preisplattln ist immer gerade f\u00fcr die Kinder ganz was Besonderes, weil sie hier sehen, wie der Stand ihres K\u00f6nnens ist. Zwar konnten wir heuer keinen Sieg erringen, dennoch war es ein insgesamt gutes Ergebnis.<\/p>\n<p><a href=\"https:\/\/trachtenverein-jachenau.de\/wordpress\/preisplatteln\/\"><strong>Hier<\/strong><\/a> geht es zu den Ergebnislisten.[\/vc_column_text][\/vc_column][\/vc_row][vc_row][vc_column][vc_column_text]<\/p>\n<h4><strong>17.06.2018: Gipfelkreuzeinweihung<br \/>\n<\/strong><\/h4>\n<p>[\/vc_column_text][vc_column_text]Am 17. Juni 2018 wurde auf dem Jachenauer Hausberg dem \u201eStaffel\u201c ein neues Gipfelkreuz eingeweiht. Die feierliche Messe wurde von Pater Tassilo aus St. Ottilien zelebriert und von der Jachenauer Musikkapelle umrahmt.<\/p>\n<p>Der 162j\u00e4hrige alte Baum f\u00fcr das Kreuz wurde bereits im Dezember 2017 etwa\u00a0 100 Meter unterhalb des Gipfels (1.532 m) gef\u00e4llt. Am 02. Juni wurde das Kreuz aus dem Stamm herausgearbeitet und aufgestellt. Das neun Meter hohe Kreuz ist nach 1949, 1960, 1980 und 1999 das nun 5. Kreuz, das durch die Mitglieder des Gebirgstrachtenvereins aufgestellt wurde.<\/p>\n<p>Anlass f\u00fcr das Aufstellen des Kreuzes war urspr\u00fcnglich das Ende des 2. Weltkriegs, verbunden mit dem Dank aller, die Heimgekommen sind, sowie dem Gedenken an die Verstorbenen und Vermissten der aus Jachenau.[\/vc_column_text][\/vc_column][\/vc_row][vc_row][vc_column width=&#8220;1\/3&#8243;][vc_single_image image=&#8220;991&#8243; img_size=&#8220;large&#8220; onclick=&#8220;custom_link&#8220; link=&#8220;http:\/\/trachtenverein-jachenau.de\/wordpress\/wp-content\/uploads\/2018\/07\/Gipfelkreuz-17.06.2018.png&#8220;][\/vc_column][vc_column width=&#8220;1\/3&#8243;][\/vc_column][vc_column width=&#8220;1\/3&#8243;][\/vc_column][\/vc_row][vc_row][vc_column][vc_column_text]<\/p>\n<h4><strong>21.05.2018:\u00a0Vereinsjahrtag am Pfingstmontag des Trachtenvereins Jachenau<\/strong><\/h4>\n<p>[\/vc_column_text][vc_column_text]Der Jahrtag des Trachtenvereins Jachenau am Pfingstmontag wurde heuer aufgrund des <strong>70 j\u00e4hrigen Bestehens<\/strong> gr\u00f6\u00dfer gefeiert.<\/p>\n<p>Nach dem Festgottesdienst wurde die <strong>Jahreshauptversammlung<\/strong> im Sch\u00fctzenhaus Jachenau abgehalten.<\/p>\n<p>Hier wurde den Mitgliedern durch den <strong>Vorstand Andreas Orterer<\/strong> die Geschichte des Vereins erl\u00e4utert, wobei hier der besondere Augenmerk auf die <strong>vielen freiwilligen Helfer<\/strong>, welche Jahre oder gar Jahrzehnte f\u00fcr den Verein einstehen, gelegt wurde.<\/p>\n<p>Auch konnten hier die Mitglieder erfahren, dass das <strong>Bergkreuz<\/strong> auf dem Staffel heuer <strong>zum 6ten Mal<\/strong> aufgestellt wird. Des weiteren gab Andreas Orterer bekannt, dass der Trachtenverein nun auch \u00fcber eine <strong>eigene Homepage<\/strong> verf\u00fcgt, welche unter der Adresse: <strong>www.trachtenverein-jachenau.de<\/strong> einsehbar ist.<\/p>\n<p>Auch wurde unser <strong>ehemaliger 1. Vorstand, Jakob Kohlhauf zum Ehrenvorstand ernannt<\/strong>, da dieser sich von 1993 \u2013 2017 in der Vorstandschaft befand und sehr viel f\u00fcr den Verein arbeitet und gearbeitet hat.<\/p>\n<p>Nach der Hauptversammlung fand noch ein <strong>Ehemaligentreffen<\/strong> statt, was mit musikalischer Umrahmung der <strong>Loach \u2013 Oim Muse<\/strong> ein sch\u00f6ner Ausklang f\u00fcr dieses Fest war.[\/vc_column_text][\/vc_column][\/vc_row][vc_row][vc_column width=&#8220;1\/3&#8243;][vc_single_image image=&#8220;948&#8243; img_size=&#8220;large&#8220; add_caption=&#8220;yes&#8220; onclick=&#8220;custom_link&#8220; link=&#8220;http:\/\/trachtenverein-jachenau.de\/wordpress\/wp-content\/uploads\/2018\/06\/Jahrtag-2018.jpg&#8220;][\/vc_column][vc_column width=&#8220;1\/3&#8243;][vc_single_image image=&#8220;953&#8243; img_size=&#8220;large&#8220; add_caption=&#8220;yes&#8220; onclick=&#8220;custom_link&#8220; link=&#8220;http:\/\/trachtenverein-jachenau.de\/wordpress\/wp-content\/uploads\/2018\/06\/20180521_114829.jpg&#8220;][\/vc_column][vc_column width=&#8220;1\/3&#8243;][vc_single_image image=&#8220;954&#8243; img_size=&#8220;large&#8220; add_caption=&#8220;yes&#8220; onclick=&#8220;custom_link&#8220; link=&#8220;http:\/\/trachtenverein-jachenau.de\/wordpress\/wp-content\/uploads\/2018\/06\/IMG-20180601-WA0003.jpg&#8220;][\/vc_column][\/vc_row]<\/p>\n<\/div>","protected":false},"excerpt":{"rendered":"<p>[vc_row full_width=&#8220;stretch_row_content_no_spaces&#8220; css=&#8220;.vc_custom_1522873553884{margin-top: -50px !important;background-image: url(http:\/\/trachtenverein-jachenau.de\/wordpress\/wp-content\/uploads\/2018\/03\/Sonnental-Jachenau.jpg?id=157) !important;background-position: center !important;background-repeat: no-repeat !important;background-size: cover !important;}&#8220; el_class=&#8220;headertrachtenverein&#8220;][vc_column][vc_empty_space height=&#8220;300px&#8220;][\/vc_column][\/vc_row][vc_row][vc_column][vc_column_text el_id=&#8220;ueberschriften&#8220; el_class=&#8220;ueberschriften&#8220;] Aktuelles [\/vc_column_text][\/vc_column][\/vc_row][vc_row][vc_column][vc_empty_space height=&#8220;10px&#8220;][vc_column_text css=&#8220;&#8220;] 76. Jahrtag, 20.5.2024 [\/vc_column_text][vc_column_text css=&#8220;&#8220;]Am Pfingstmontag hielten wir unseren 76. Jahrtag ab. Bei sch\u00f6nem Wetter marschierten wir mit der Musikkapelle und Tambour vom Gasthof Jachenau rauf zur Kirche, in der Pfarrer Gracious die hl&#8230;.<\/p>\n","protected":false},"author":1,"featured_media":0,"parent":0,"menu_order":0,"comment_status":"closed","ping_status":"closed","template":"visual-composer.php","meta":{"footnotes":""},"class_list":["post-17","page","type-page","status-publish","hentry"],"jetpack_sharing_enabled":true,"jetpack_shortlink":"https:\/\/wp.me\/P9NVvq-h","_links":{"self":[{"href":"http:\/\/trachtenverein-jachenau.de\/wordpress\/wp-json\/wp\/v2\/pages\/17","targetHints":{"allow":["GET"]}}],"collection":[{"href":"http:\/\/trachtenverein-jachenau.de\/wordpress\/wp-json\/wp\/v2\/pages"}],"about":[{"href":"http:\/\/trachtenverein-jachenau.de\/wordpress\/wp-json\/wp\/v2\/types\/page"}],"author":[{"embeddable":true,"href":"http:\/\/trachtenverein-jachenau.de\/wordpress\/wp-json\/wp\/v2\/users\/1"}],"replies":[{"embeddable":true,"href":"http:\/\/trachtenverein-jachenau.de\/wordpress\/wp-json\/wp\/v2\/comments?post=17"}],"version-history":[{"count":56,"href":"http:\/\/trachtenverein-jachenau.de\/wordpress\/wp-json\/wp\/v2\/pages\/17\/revisions"}],"predecessor-version":[{"id":1531,"href":"http:\/\/trachtenverein-jachenau.de\/wordpress\/wp-json\/wp\/v2\/pages\/17\/revisions\/1531"}],"wp:attachment":[{"href":"http:\/\/trachtenverein-jachenau.de\/wordpress\/wp-json\/wp\/v2\/media?parent=17"}],"curies":[{"name":"wp","href":"https:\/\/api.w.org\/{rel}","templated":true}]}}